88
Calculate the remainder when 3694 is divided by 27.
22
What is the remainder when 1130 is divided by 29?
28
What is the remainder when 883 is divided by 27?
19
Calculate the remainder when 234 is divided by 70.
24
Calculate the remainder when 189 is divided by 45.
9
Calculate the remainder when 299 is divided by 101.
97
Calculate the remainder when 184 is divided by 114.
70
What is the remainder when 23 is divided by 21?
2
Calculate the remainder when 2562 is divided by 135.
132
Calculate the remainder when 10307 is divided by 13.
11
What is the remainder when 329 is divided by 55?
54
Calculate the remainder when 22 is divided by 19.
3
Calculate the remainder when 115 is divided by 16.
3
Calculate the remainder when 298 is divided by 7.
4
What is the remainder when 1262 is divided by 103?
26
What is the remainder when 3210 is divided by 9?
6
Calculate the remainder when 71 is divided by 7.
1
What is the remainder when 705 is divided by 173?
13
Calculate the remainder when 322 is divided by 27.
25
What is the remainder when 942 is divided by 265?
147
Calculate the remainder when 10062 is divided by 33.
30
Calculate the remainder when 2375 is divided by 132.
131
What is the remainder when 7 is divided by 7?
0
What is the remainder when 20 is divided by 6?
2
Calculate the remainder when 81 is divided by 17.
13
What is the remainder when 669 is divided by 36?
21
What is the remainder when 410 is divided by 42?
32
Calculate the remainder when 7704 is divided by 13.
8
What is the remainder when 67 is divided by 37?
30
Calculate the remainder when 5323 is divided by 1328.
11
What is the remainder when 97 is divided by 25?
22
Calculate the remainder when 347 is divided by 336.
11
Calculate the remainder when 101 is divided by 22.
13
What is the remainder when 47 is divided by 13?
8
What is the remainder when 381 is divided by 32?
29
Calculate the remainder when 1075 is divided by 1066.
9
What is the remainder when 73 is divided by 16?
9
Calculate the remainder when 75 is divided by 26.
23
Calculate the remainder when 4246 is divided by 23.
14
Calculate the remainder when 2375 is divided by 204.
131
Calculate the remainder when 1162 is divided by 22.
18
Calculate the remainder when 269 is divided by 71.
56
Calculate the remainder when 224 is divided by 43.
9
Calculate the remainder when 163 is divided by 19.
11
What is the remainder when 355 is divided by 50?
5
What is the remainder when 117 is divided by 61?
56
What is the remainder when 210 is divided by 9?
3
Calculate the remainder when 597 is divided by 17.
2
Calculate the remainder when 749 is divided by 127.
114
Calculate the remainder when 1049 is divided by 1044.
5
What is the remainder when 78 is divided by 57?
21
Calculate the remainder when 583 is divided by 179.
46
Calculate the remainder when 445 is divided by 50.
45
Calculate the remainder when 4774 is divided by 96.
70
What is the remainder when 2168 is divided by 51?
26
What is the remainder when 1067 is divided by 63?
59
Calculate the remainder when 32 is divided by 11.
10
What is the remainder when 181 is divided by 63?
55
What is the remainder when 127 is divided by 127?
0
What is the remainder when 1471 is divided by 18?
13
Calculate the remainder when 571 is divided by 29.
20
Calculate the remainder when 49 is divided by 26.
23
Calculate the remainder when 2814 is divided by 5.
4
What is the remainder when 98 is divided by 69?
29
Calculate the remainder when 1482 is divided by 99.
96
What is the remainder when 158 is divided by 13?
2
Calculate the remainder when 528 is divided by 152.
72
Calculate the remainder when 842 is divided by 78.
62
Calculate the remainder when 41 is divided by 34.
7
Calculate the remainder when 260 is divided by 85.
5
What is the remainder when 411 is divided by 90?
51
Calculate the remainder when 518 is divided by 36.
14
What is the remainder when 491 is divided by 59?
19
What is the remainder when 84 is divided by 56?
28
What is the remainder when 3116 is divided by 104?
100
What is the remainder when 7933 is divided by 294?
289
Calculate the remainder when 99 is divided by 25.
24
Calculate the remainder when 1082 is divided by 348.
38
Calculate the remainder when 184 is divided by 80.
24
What is the remainder when 129 is divided by 68?
61
What is the remainder when 3373 is divided by 16?
13
What is the remainder when 88 is divided by 4?
0
Calculate the remainder when 446 is divided by 217.
12
What is the remainder when 326 is divided by 100?
26
What is the remainder when 4504 is divided by 46?
42
Calculate the remainder when 103 is divided by 9.
4
Calculate the remainder when 2221 is divided by 139.
136
Calculate the remainder when 2460 is divided by 18.
12
Calculate the remainder when 1551 is divided by 14.
11
Calculate the remainder when 1070 is divided by 8.
6
What is the remainder when 284 is divided by 97?
90
Calculate the remainder when 120 is divided by 61.
59
What is the remainder when 217 is divided by 62?
31
Calculate the remainder when 1052 is divided by 211.
208
Calculate the remainder when 240 is divided by 49.
44
What is the remainder when 1024 is divided by 54?
52
Calculate the remainder when 302 is divided by 77.
71
Calculate the remainder when 623 is divided by 12.
11
Calculate the remainder when 612 is divided by 203.
3
Calculate the remainder when 371 is divided by 17.
14
Calculate the remainder when 1470 is divided by 29.
20
What is the remainder when 60 is divided by 9?
6
What is the remainder when 949 is divided by 98?
67
What is the remainder when 162 is divided by 4?
2
Calculate the remainder when 29946 is divided by 67.
64
What is the remainder when 77 is divided by 76?
1
Calculate the remainder when 2014 is divided by 21.
19
What is the remainder when 3714 is divided by 22?
18
What is the remainder when 680 is divided by 49?
43
Calculate the remainder when 559 is divided by 154.
97
Calculate the remainder when 798 is divided by 23.
16
What is the remainder when 1234 is divided by 25?
9
Calculate the remainder when 453 is divided by 19.
16
Calculate the remainder when 29 is divided by 16.
13
What is the remainder when 996 is divided by 37?
34
Calculate the remainder when 134 is divided by 40.
14
What is the remainder when 1953 is divided by 115?
113
Calculate the remainder when 37 is divided by 25.
12
What is the remainder when 159 is divided by 40?
39
Calculate the remainder when 220 is divided by 128.
92
What is the remainder when 8604 is divided by 12?
0
What is the remainder when 817 is divided by 404?
9
Calculate the remainder when 158 is divided by 12.
2
Calculate the remainder when 9797 is divided by 35.
32
What is the remainder when 153 is divided by 41?
30
What is the remainder when 709 is divided by 17?
12
Calculate the remainder when 7536 is divided by 470.
16
Calculate the remainder when 1990 is divided by 38.
14
What is the remainder when 720 is divided by 145?
140
What is the remainder when 1172 is divided by 573?
26
What is the remainder when 7229 is divided by 64?
61
Calculate the remainder when 28 is divided by 11.
6
Calculate the remainder when 178 is divided by 42.
10
Calculate the remainder when 386 is divided by 68.
46
What is the remainder when 328 is divided by 11?
9
What is the remainder when 200 is divided by 30?
20
Calculate the remainder when 100 is divided by 22.
12
What is the remainder when 8358 is divided by 239?
232
Calculate the remainder when 3999 is divided by 6.
3
What is the remainder when 85 is divided by 40?
5
Calculate the remainder when 171 is divided by 48.
27
What is the remainder when 487 is divided by 14?
11
What is the remainder when 3118 is divided by 78?
76
Calculate the remainder when 512 is divided by 56.
8
Calculate the remainder when 169 is divided by 58.
53
Calculate the remainder when 497 is divided by 51.
38
Calculate the remainder when 93 is divided by 5.
3
What is the remainder when 733 is divided by 57?
49
What is the remainder when 224 is divided by 199?
25
Calculate the remainder when 774 is divided by 17.
9
Calculate the remainder when 68 is divided by 31.
6
What is the remainder when 508 is divided by 54?
22
What is the remainder when 354 is divided by 40?
34
What is the remainder when 46 is divided by 14?
4
C